{"id":73,"date":"2021-05-16T09:39:37","date_gmt":"2021-05-16T09:39:37","guid":{"rendered":"https:\/\/stadtteilladen.andreasbahr.de\/?page_id=73"},"modified":"2024-04-27T18:38:21","modified_gmt":"2024-04-27T18:38:21","slug":"impressum","status":"publish","type":"page","link":"https:\/\/stadtteilladen.andreasbahr.de\/?page_id=73","title":{"rendered":"Impressum"},"content":{"rendered":"\n<p>www.stadtteilladen.de ist ein Angebot des StadtteilLaden im Kirchsteigfeld e.V.<\/p>\n\n\n\n<div style=\"height:20px\" aria-hidden=\"true\" class=\"wp-block-spacer advgb-dyn-af21a01c\"><\/div>\n\n\n\n<p>Inhaltlich verantwortlich gem\u00e4\u00df \u00a7 55 Abs. 2 RStV:<br>StadtteilLaden im Kirchsteigfeld e.V., Vorsitzende Sandra Knopp<br>Handelsregister des Amtsgerichts Potsdam, Registernummer VR 1567<br>Vereinssitz: Anni-von-Gottberg-Str. 14, 14480 Potsdam<\/p>\n\n\n\n<div style=\"height:20px\" aria-hidden=\"true\" class=\"wp-block-spacer advgb-dyn-af21a01c\"><\/div>\n\n\n\n<p>Haftungshinweis: Trotz sorgf\u00e4ltiger inhaltlicher Kontrolle \u00fcbernehmen wir keine Haftung f\u00fcr die Inhalte externer Links. F\u00fcr den Inhalt der verlinkten Seiten sind ausschlie\u00dflich deren Betreiber verantwortlich.<\/p>\n","protected":false},"excerpt":{"rendered":"<p>www.stadtteilladen.de ist ein Angebot des StadtteilLaden im Kirchsteigfeld e.V. Inhaltlich verantwortlich gem\u00e4\u00df \u00a7 55 Abs. 2 RStV:StadtteilLaden im Kirchsteigfeld e.V.,<\/p>\n","protected":false},"author":1,"featured_media":0,"parent":0,"menu_order":0,"comment_status":"closed","ping_status":"closed","template":"","meta":{"colormag_page_container_layout":"no_sidebar_content_centered","colormag_page_sidebar_layout":"no_sidebar","advgb_blocks_editor_width":"","advgb_blocks_columns_visual_guide":"","_EventAllDay":false,"_EventTimezone":"","_EventStartDate":"","_EventEndDate":"","_EventStartDateUTC":"","_EventEndDateUTC":"","_EventShowMap":false,"_EventShowMapLink":false,"_EventURL":"","_EventCost":"","_EventCostDescription":"","_EventCurrencySymbol":"","_EventCurrencyCode":"","_EventCurrencyPosition":"","_EventDateTimeSeparator":"","_EventTimeRangeSeparator":"","_EventOrganizerID":[],"_EventVenueID":[],"_OrganizerEmail":"","_OrganizerPhone":"","_OrganizerWebsite":"","_VenueAddress":"","_VenueCity":"","_VenueCountry":"","_VenueProvince":"","_VenueState":"","_VenueZip":"","_VenuePhone":"","_VenueURL":"","_VenueStateProvince":"","_VenueLat":"","_VenueLng":"","_VenueShowMap":false,"_VenueShowMapLink":false,"two_page_speed":{"current_score":{"desktop_score":98,"desktop_tti":"0.4\u00a0","mobile_score":88,"mobile_tti":"1.3\u00a0","date":"27.04.2024 06:38:43 pm","status":"completed"}},"footnotes":""},"class_list":["post-73","page","type-page","status-publish","hentry"],"coauthors":[],"author_meta":{"author_link":"https:\/\/stadtteilladen.andreasbahr.de\/?author=1","display_name":"Stadtteilladen"},"relative_dates":{"created":"Ver\u00f6ffentlicht 5\u00a0Jahren vor","modified":"Aktualisiert 2\u00a0Jahren vor"},"absolute_dates":{"created":"Ver\u00f6ffentlicht am 16. Mai 2021","modified":"Aktualisiert am 27. April 2024"},"absolute_dates_time":{"created":"Ver\u00f6ffentlicht am 16. Mai 2021 9:39","modified":"Aktualisiert am 27. April 2024 18:38"},"featured_img_caption":"","featured_img":false,"series_order":"","_links":{"self":[{"href":"https:\/\/stadtteilladen.andreasbahr.de\/index.php?rest_route=\/wp\/v2\/pages\/73","targetHints":{"allow":["GET"]}}],"collection":[{"href":"https:\/\/stadtteilladen.andreasbahr.de\/index.php?rest_route=\/wp\/v2\/pages"}],"about":[{"href":"https:\/\/stadtteilladen.andreasbahr.de\/index.php?rest_route=\/wp\/v2\/types\/page"}],"author":[{"embeddable":true,"href":"https:\/\/stadtteilladen.andreasbahr.de\/index.php?rest_route=\/wp\/v2\/users\/1"}],"replies":[{"embeddable":true,"href":"https:\/\/stadtteilladen.andreasbahr.de\/index.php?rest_route=%2Fwp%2Fv2%2Fcomments&post=73"}],"version-history":[{"count":3,"href":"https:\/\/stadtteilladen.andreasbahr.de\/index.php?rest_route=\/wp\/v2\/pages\/73\/revisions"}],"predecessor-version":[{"id":2174,"href":"https:\/\/stadtteilladen.andreasbahr.de\/index.php?rest_route=\/wp\/v2\/pages\/73\/revisions\/2174"}],"wp:attachment":[{"href":"https:\/\/stadtteilladen.andreasbahr.de\/index.php?rest_route=%2Fwp%2Fv2%2Fmedia&parent=73"}],"curies":[{"name":"wp","href":"https:\/\/api.w.org\/{rel}","templated":true}]}}